{"id":610,"date":"2022-10-17T16:01:37","date_gmt":"2022-10-17T16:01:37","guid":{"rendered":"https:\/\/dev.rmradgjof.is\/?page_id=610"},"modified":"2022-10-31T11:35:06","modified_gmt":"2022-10-31T11:35:06","slug":"raedumennska-og-framkoma","status":"publish","type":"page","link":"https:\/\/rmradgjof.is\/index.php\/raedumennska-og-framkoma\/","title":{"rendered":"R\u00e6\u00f0umennska og framkoma"},"content":{"rendered":"\t\t<div data-elementor-type=\"wp-page\" data-elementor-id=\"610\" class=\"elementor elementor-610\">\n\t\t\t\t\t\t\t\t\t<section class=\"elementor-section elementor-top-section elementor-element elementor-element-286a3d90 elementor-section-boxed elementor-section-height-default elementor-section-height-default\" data-id=\"286a3d90\" data-element_type=\"section\">\n\t\t\t\t\t\t<div class=\"elementor-container elementor-column-gap-default\">\n\t\t\t\t\t<div class=\"elementor-column elementor-col-50 elementor-top-column elementor-element elementor-element-1a5cf70e\" data-id=\"1a5cf70e\" data-element_type=\"column\">\n\t\t\t<div class=\"elementor-widget-wrap elementor-element-populated\">\n\t\t\t\t\t\t\t\t<div class=\"elementor-element elementor-element-33782b64 elementor-widget elementor-widget-text-editor\" data-id=\"33782b64\" data-element_type=\"widget\" data-widget_type=\"text-editor.default\">\n\t\t\t\t<div class=\"elementor-widget-container\">\n\t\t\t<style>\/*! elementor - v3.17.0 - 08-11-2023 *\/\n.elementor-widget-text-editor.elementor-drop-cap-view-stacked .elementor-drop-cap{background-color:#69727d;color:#fff}.elementor-widget-text-editor.elementor-drop-cap-view-framed .elementor-drop-cap{color:#69727d;border:3px solid;background-color:transparent}.elementor-widget-text-editor:not(.elementor-drop-cap-view-default) .elementor-drop-cap{margin-top:8px}.elementor-widget-text-editor:not(.elementor-drop-cap-view-default) .elementor-drop-cap-letter{width:1em;height:1em}.elementor-widget-text-editor .elementor-drop-cap{float:left;text-align:center;line-height:1;font-size:50px}.elementor-widget-text-editor .elementor-drop-cap-letter{display:inline-block}<\/style>\t\t\t\t<h5>N\u00e1msmarkmi\u00f0<\/h5><p>Markmi\u00f0 er a\u00f0 efla \u00fe\u00e1tttakendur \u00ed a\u00f0 tj\u00e1 sko\u00f0un s\u00edna fyrir framan h\u00f3p af f\u00f3lki og flytja m\u00e1l sitt \u00e1 hnitmi\u00f0a\u00f0an h\u00e1tt, hvort sem er \u00ed starfi e\u00f0a leik. Fari\u00f0 yfir helstu grunnatri\u00f0i r\u00e6\u00f0umennsku b\u00e6\u00f0i hva\u00f0 var\u00f0ar texta og flutning.<\/p><h5>Kennsluform<\/h5><p>Fyrirlestur, umr\u00e6\u00f0ur, verkefni, d\u00e6mis\u00f6gur og myndskei\u00f0. \u00c1 \u00feessu n\u00e1mskei\u00f0i er gert r\u00e1\u00f0 fyrir a\u00f0 \u00fe\u00e1tttakendur vinni verkefni milli skipta.<\/p><h5>Lengd n\u00e1mskei\u00f0s<\/h5><p>N\u00e1mskei\u00f0i\u00f0 er 12 klst. (3&#215;4 klst.).<\/p><h5>N\u00e1mskei\u00f0sl\u00fdsing<\/h5><p>Fari\u00f0 yfir hvernig \u00e1 a\u00f0 fanga athygli \u00e1heyrenda og halda henni, hvort sem er me\u00f0 h\u00famor e\u00f0a annarri n\u00e1lgun. Jafnframt er kennd f\u00e6rni \u00ed a\u00f0 byggja upp r\u00e6\u00f0ur\/texta og segja \u00fea\u00f0 sem \u00fearf a\u00f0 koma \u00e1 framf\u00e6ri \u00e1 sk\u00fdran og skilmerkilegan h\u00e1tt. \u00de\u00e1tttakendur semja og flytja efni e\u00f0a nota efni sem tengist vinnu \u00feeirra \u00e1 hverjum t\u00edma.<\/p><p>Kenndar lei\u00f0ir til a\u00f0 efla sj\u00e1lfstraust og takast \u00e1 vi\u00f0 streitu en skortur \u00e1 \u00fev\u00ed fyrrnefnda og of miki\u00f0 af \u00fev\u00ed s\u00ed\u00f0ara telst til helstu \u00e1st\u00e6\u00f0a \u00feess a\u00f0 einstaklingar \u00f3ttast a\u00f0 tala fyrir framan h\u00f3p af f\u00f3lki.<\/p><h5>Lei\u00f0beinandi<\/h5><p>Ragnar Matth\u00edasson mannau\u00f0sr\u00e1\u00f0gjafi \u2013 MBA og MSc. \u00ed mannau\u00f0sstj\u00f3rnun.<\/p><p>Ragnar hefur v\u00ed\u00f0t\u00e6ka reynslu af n\u00e1mskei\u00f0ahaldi og r\u00e1\u00f0gj\u00f6f. Hann hefur unni\u00f0 fyrir fj\u00f6lda fyrirt\u00e6kja af \u00fdmsum st\u00e6r\u00f0um og ger\u00f0um.<\/p><h3><a href=\"https:\/\/rmradgjof.is\/index.php\/elementor-712\/\">Haf\u00f0u samband<\/a> og f\u00e1\u00f0u n\u00e1nari uppl\u00fdsingar um hva\u00f0 hentar \u00fe\u00ednum vinnusta\u00f0<\/h3>\t\t\t\t\t\t<\/div>\n\t\t\t\t<\/div>\n\t\t\t\t\t<\/div>\n\t\t<\/div>\n\t\t\t\t<div class=\"elementor-column elementor-col-50 elementor-top-column elementor-element elementor-element-e13b828\" data-id=\"e13b828\" data-element_type=\"column\">\n\t\t\t<div class=\"elementor-widget-wrap elementor-element-populated\">\n\t\t\t\t\t\t\t\t<div class=\"elementor-element elementor-element-8d5d034 elementor-widget elementor-widget-image\" data-id=\"8d5d034\" data-element_type=\"widget\" data-widget_type=\"image.default\">\n\t\t\t\t<div class=\"elementor-widget-container\">\n\t\t\t<style>\/*! elementor - v3.17.0 - 08-11-2023 *\/\n.elementor-widget-image{text-align:center}.elementor-widget-image a{display:inline-block}.elementor-widget-image a img[src$=\".svg\"]{width:48px}.elementor-widget-image img{vertical-align:middle;display:inline-block}<\/style>\t\t\t\t\t\t\t\t\t<figure class=\"wp-caption\">\n\t\t\t\t\t\t\t\t\t\t<img loading=\"lazy\" decoding=\"async\" width=\"800\" height=\"688\" src=\"https:\/\/rmradgjof.is\/wp-content\/uploads\/2022\/01\/storyboardArtboard-8-1024x881.jpg\" class=\"attachment-large size-large wp-image-355\" alt=\"\" srcset=\"https:\/\/rmradgjof.is\/wp-content\/uploads\/2022\/01\/storyboardArtboard-8-1024x881.jpg 1024w, https:\/\/rmradgjof.is\/wp-content\/uploads\/2022\/01\/storyboardArtboard-8-300x258.jpg 300w, https:\/\/rmradgjof.is\/wp-content\/uploads\/2022\/01\/storyboardArtboard-8-768x660.jpg 768w, https:\/\/rmradgjof.is\/wp-content\/uploads\/2022\/01\/storyboardArtboard-8.jpg 1200w\" sizes=\"auto, (max-width: 800px) 100vw, 800px\" \/>\t\t\t\t\t\t\t\t\t\t\t<figcaption class=\"widget-image-caption wp-caption-text\">R\u00e6\u00f0umennska og framkoma<\/figcaption>\n\t\t\t\t\t\t\t\t\t\t<\/figure>\n\t\t\t\t\t\t\t\t\t<\/div>\n\t\t\t\t<\/div>\n\t\t\t\t\t<\/div>\n\t\t<\/div>\n\t\t\t\t\t\t\t<\/div>\n\t\t<\/section>\n\t\t\t\t\t\t\t<\/div>\n\t\t","protected":false},"excerpt":{"rendered":"<p>N\u00e1msmarkmi\u00f0 Markmi\u00f0 er a\u00f0 efla \u00fe\u00e1tttakendur \u00ed a\u00f0 tj\u00e1 sko\u00f0un s\u00edna fyrir framan h\u00f3p af f\u00f3lki og flytja m\u00e1l sitt \u00e1 hnitmi\u00f0a\u00f0an h\u00e1tt, hvort sem er \u00ed starfi e\u00f0a leik. Fari\u00f0 yfir helstu grunnatri\u00f0i r\u00e6\u00f0umennsku b\u00e6\u00f0i hva\u00f0 var\u00f0ar texta og flutning. Kennsluform Fyrirlestur, umr\u00e6\u00f0ur, verkefni, d\u00e6mis\u00f6gur og myndskei\u00f0. \u00c1 \u00feessu n\u00e1mskei\u00f0i er gert r\u00e1\u00f0 fyrir [&hellip;]<\/p>\n","protected":false},"author":1,"featured_media":0,"parent":0,"menu_order":0,"comment_status":"closed","ping_status":"closed","template":"elementor_header_footer","meta":{"footnotes":""},"class_list":["post-610","page","type-page","status-publish","hentry"],"_links":{"self":[{"href":"https:\/\/rmradgjof.is\/index.php\/wp-json\/wp\/v2\/pages\/610","targetHints":{"allow":["GET"]}}],"collection":[{"href":"https:\/\/rmradgjof.is\/index.php\/wp-json\/wp\/v2\/pages"}],"about":[{"href":"https:\/\/rmradgjof.is\/index.php\/wp-json\/wp\/v2\/types\/page"}],"author":[{"embeddable":true,"href":"https:\/\/rmradgjof.is\/index.php\/wp-json\/wp\/v2\/users\/1"}],"replies":[{"embeddable":true,"href":"https:\/\/rmradgjof.is\/index.php\/wp-json\/wp\/v2\/comments?post=610"}],"version-history":[{"count":16,"href":"https:\/\/rmradgjof.is\/index.php\/wp-json\/wp\/v2\/pages\/610\/revisions"}],"predecessor-version":[{"id":1365,"href":"https:\/\/rmradgjof.is\/index.php\/wp-json\/wp\/v2\/pages\/610\/revisions\/1365"}],"wp:attachment":[{"href":"https:\/\/rmradgjof.is\/index.php\/wp-json\/wp\/v2\/media?parent=610"}],"curies":[{"name":"wp","href":"https:\/\/api.w.org\/{rel}","templated":true}]}}