{"id":587,"date":"2022-10-17T15:57:09","date_gmt":"2022-10-17T15:57:09","guid":{"rendered":"https:\/\/dev.rmradgjof.is\/?page_id=587"},"modified":"2022-10-31T19:37:44","modified_gmt":"2022-10-31T19:37:44","slug":"mannaudsstjornun","status":"publish","type":"page","link":"https:\/\/rmradgjof.is\/index.php\/mannaudsstjornun\/","title":{"rendered":"Mannau\u00f0sstj\u00f3rnun"},"content":{"rendered":"\t\t<div data-elementor-type=\"wp-page\" data-elementor-id=\"587\" class=\"elementor elementor-587\">\n\t\t\t\t\t\t\t\t\t<section class=\"elementor-section elementor-top-section elementor-element elementor-element-6a87690f elementor-section-boxed elementor-section-height-default elementor-section-height-default\" data-id=\"6a87690f\" data-element_type=\"section\">\n\t\t\t\t\t\t<div class=\"elementor-container elementor-column-gap-default\">\n\t\t\t\t\t<div class=\"elementor-column elementor-col-50 elementor-top-column elementor-element elementor-element-2ac2bd4d\" data-id=\"2ac2bd4d\" data-element_type=\"column\">\n\t\t\t<div class=\"elementor-widget-wrap elementor-element-populated\">\n\t\t\t\t\t\t\t\t<div class=\"elementor-element elementor-element-6cc0220e elementor-widget elementor-widget-text-editor\" data-id=\"6cc0220e\" data-element_type=\"widget\" data-widget_type=\"text-editor.default\">\n\t\t\t\t<div class=\"elementor-widget-container\">\n\t\t\t<style>\/*! elementor - v3.17.0 - 08-11-2023 *\/\n.elementor-widget-text-editor.elementor-drop-cap-view-stacked .elementor-drop-cap{background-color:#69727d;color:#fff}.elementor-widget-text-editor.elementor-drop-cap-view-framed .elementor-drop-cap{color:#69727d;border:3px solid;background-color:transparent}.elementor-widget-text-editor:not(.elementor-drop-cap-view-default) .elementor-drop-cap{margin-top:8px}.elementor-widget-text-editor:not(.elementor-drop-cap-view-default) .elementor-drop-cap-letter{width:1em;height:1em}.elementor-widget-text-editor .elementor-drop-cap{float:left;text-align:center;line-height:1;font-size:50px}.elementor-widget-text-editor .elementor-drop-cap-letter{display:inline-block}<\/style>\t\t\t\t<h5>N\u00e1msmarkmi\u00f0<\/h5><p>Fari\u00f0 \u00ed undirst\u00f6\u00f0uatri\u00f0i mannau\u00f0sstj\u00f3rnunar og mikilv\u00e6gi mannau\u00f0sstj\u00f3rnunar sem hluta af rekstri fyrirt\u00e6kja og stofnana. Markmi\u00f0 n\u00e1mskei\u00f0sins er a\u00f0\u00a0 styrkja stj\u00f3rnendur \u00ed \u00fev\u00ed a\u00f0 takast betur \u00e1 vi\u00f0 \u00fea\u00f0 hlutverki a\u00f0 vera me\u00f0 mannaforr\u00e1\u00f0.<\/p><p>\u00c1hersla er l\u00f6g\u00f0 \u00e1 a\u00f0 gera \u00fe\u00e1tttakendum kleift a\u00f0 yfirf\u00e6ra \u00fea\u00f0 sem kennt er \u00e1 dagleg st\u00f6rf.<\/p><h5>Kennsluform<\/h5><p>Fyrirlestur, umr\u00e6\u00f0ur, verkefni, d\u00e6mis\u00f6gur og myndskei\u00f0. \u00c1 \u00feessu n\u00e1mskei\u00f0i er gert r\u00e1\u00f0 fyrir a\u00f0 \u00fe\u00e1tttakendur vinni verkefni milli skipta.<\/p><h5>Lengd n\u00e1mskei\u00f0s<\/h5><p>N\u00e1mskei\u00f0i\u00f0 er 16 klst. Mi\u00f0a\u00f0 vi\u00f0 er a\u00f0 hver dagur s\u00e9 fj\u00f3rar klukkustundir. M\u00f6guleiki er \u00e1 a\u00f0 sn\u00ed\u00f0a n\u00e1mskei\u00f0i\u00f0 a\u00f0 \u00fe\u00f6rfum fyrirt\u00e6kisins hva\u00f0 efnist\u00f6k og t\u00edmalengd var\u00f0ar.<\/p><h5>N\u00e1mskei\u00f0sl\u00fdsing<\/h5><h5>1. dagur &#8211; Stefnur og menning<\/h5><ul><li>Mannau\u00f0sstj\u00f3rnun, verkefni og \u00feroskastig<\/li><li>Stefnum\u00f3tun og mannau\u00f0sstefna<\/li><li>Breytingarstj\u00f3rnun<\/li><li>Vinnusta\u00f0amenning<\/li><\/ul><h5><b>2. dagur &#8211; Stj\u00f3rnun og<\/b> mannau\u00f0ur<\/h5><ul><li>Stj\u00f3rnandinn og lei\u00f0toginn<\/li><li>A\u00f0 st\u00fdra f\u00f3lki, a\u00f0fer\u00f0ir og \u00e1hrif<\/li><li>Mannlegi \u00fe\u00e1tturinn, samskipti og erfi\u00f0 starfsmannam\u00e1l<\/li><li>Skipulag og \u00e1rangur \u00ed starfi<\/li><\/ul><h5>3. dagur &#8211; Starfs\u00fer\u00f3un og starfs\u00e1n\u00e6gja<\/h5><ul><li>Starfs\u00fer\u00f3un<\/li><li>Fr\u00e6\u00f0sla og \u00fej\u00e1lfun<\/li><li>M\u00f3ttaka n\u00fdli\u00f0a<\/li><li>Starfs\u00e1n\u00e6gja og hvatning<\/li><\/ul><h5>4. dagur<b> &#8211;<\/b> R\u00e1\u00f0ningar og starfsmannavelta<\/h5><ul><li>Starfsgreiningar og starfsl\u00fdsingar<\/li><li>R\u00e1\u00f0ningar<\/li><li>Starfsmannavelta<\/li><li>Starfsmanna-\/frammist\u00f6\u00f0usamt\u00f6l<\/li><\/ul><h5>Lei\u00f0beinandi<\/h5><p>Ragnar Matth\u00edasson mannau\u00f0sr\u00e1\u00f0gjafi &#8211; MBA og MSc. \u00ed mannau\u00f0sstj\u00f3rnun.<\/p><p>Ragnar hefur v\u00ed\u00f0t\u00e6ka reynslu af n\u00e1mskei\u00f0ahaldi og r\u00e1\u00f0gj\u00f6f. Hann hefur unni\u00f0 fyrir fj\u00f6lda fyrirt\u00e6kja af \u00fdmsum st\u00e6r\u00f0um og ger\u00f0um.<\/p><h3><a href=\"https:\/\/rmradgjof.is\/index.php\/elementor-712\/\">Haf\u00f0u samband<\/a> og f\u00e1\u00f0u n\u00e1nari uppl\u00fdsingar um hva\u00f0 hentar \u00fe\u00ednum vinnusta\u00f0<\/h3>\t\t\t\t\t\t<\/div>\n\t\t\t\t<\/div>\n\t\t\t\t\t<\/div>\n\t\t<\/div>\n\t\t\t\t<div class=\"elementor-column elementor-col-50 elementor-top-column elementor-element elementor-element-1baf43cf\" data-id=\"1baf43cf\" data-element_type=\"column\">\n\t\t\t<div class=\"elementor-widget-wrap elementor-element-populated\">\n\t\t\t\t\t\t\t\t<div class=\"elementor-element elementor-element-3118e1ac elementor-widget elementor-widget-image\" data-id=\"3118e1ac\" data-element_type=\"widget\" data-widget_type=\"image.default\">\n\t\t\t\t<div class=\"elementor-widget-container\">\n\t\t\t<style>\/*! elementor - v3.17.0 - 08-11-2023 *\/\n.elementor-widget-image{text-align:center}.elementor-widget-image a{display:inline-block}.elementor-widget-image a img[src$=\".svg\"]{width:48px}.elementor-widget-image img{vertical-align:middle;display:inline-block}<\/style>\t\t\t\t\t\t\t\t\t<figure class=\"wp-caption\">\n\t\t\t\t\t\t\t\t\t\t<img loading=\"lazy\" decoding=\"async\" width=\"800\" height=\"600\" src=\"https:\/\/rmradgjof.is\/wp-content\/uploads\/2022\/10\/business_office-2-80.jpg\" class=\"attachment-large size-large wp-image-1398\" alt=\"\" srcset=\"https:\/\/rmradgjof.is\/wp-content\/uploads\/2022\/10\/business_office-2-80.jpg 801w, https:\/\/rmradgjof.is\/wp-content\/uploads\/2022\/10\/business_office-2-80-300x225.jpg 300w, https:\/\/rmradgjof.is\/wp-content\/uploads\/2022\/10\/business_office-2-80-768x576.jpg 768w\" sizes=\"auto, (max-width: 800px) 100vw, 800px\" \/>\t\t\t\t\t\t\t\t\t\t\t<figcaption class=\"widget-image-caption wp-caption-text\">Mannau\u00f0sstj\u00f3rnun<\/figcaption>\n\t\t\t\t\t\t\t\t\t\t<\/figure>\n\t\t\t\t\t\t\t\t\t<\/div>\n\t\t\t\t<\/div>\n\t\t\t\t\t<\/div>\n\t\t<\/div>\n\t\t\t\t\t\t\t<\/div>\n\t\t<\/section>\n\t\t\t\t\t\t\t<\/div>\n\t\t","protected":false},"excerpt":{"rendered":"<p>N\u00e1msmarkmi\u00f0 Fari\u00f0 \u00ed undirst\u00f6\u00f0uatri\u00f0i mannau\u00f0sstj\u00f3rnunar og mikilv\u00e6gi mannau\u00f0sstj\u00f3rnunar sem hluta af rekstri fyrirt\u00e6kja og stofnana. Markmi\u00f0 n\u00e1mskei\u00f0sins er a\u00f0\u00a0 styrkja stj\u00f3rnendur \u00ed \u00fev\u00ed a\u00f0 takast betur \u00e1 vi\u00f0 \u00fea\u00f0 hlutverki a\u00f0 vera me\u00f0 mannaforr\u00e1\u00f0. \u00c1hersla er l\u00f6g\u00f0 \u00e1 a\u00f0 gera \u00fe\u00e1tttakendum kleift a\u00f0 yfirf\u00e6ra \u00fea\u00f0 sem kennt er \u00e1 dagleg st\u00f6rf. Kennsluform Fyrirlestur, umr\u00e6\u00f0ur, verkefni, [&hellip;]<\/p>\n","protected":false},"author":1,"featured_media":0,"parent":0,"menu_order":0,"comment_status":"closed","ping_status":"closed","template":"elementor_header_footer","meta":{"footnotes":""},"class_list":["post-587","page","type-page","status-publish","hentry"],"_links":{"self":[{"href":"https:\/\/rmradgjof.is\/index.php\/wp-json\/wp\/v2\/pages\/587","targetHints":{"allow":["GET"]}}],"collection":[{"href":"https:\/\/rmradgjof.is\/index.php\/wp-json\/wp\/v2\/pages"}],"about":[{"href":"https:\/\/rmradgjof.is\/index.php\/wp-json\/wp\/v2\/types\/page"}],"author":[{"embeddable":true,"href":"https:\/\/rmradgjof.is\/index.php\/wp-json\/wp\/v2\/users\/1"}],"replies":[{"embeddable":true,"href":"https:\/\/rmradgjof.is\/index.php\/wp-json\/wp\/v2\/comments?post=587"}],"version-history":[{"count":19,"href":"https:\/\/rmradgjof.is\/index.php\/wp-json\/wp\/v2\/pages\/587\/revisions"}],"predecessor-version":[{"id":1496,"href":"https:\/\/rmradgjof.is\/index.php\/wp-json\/wp\/v2\/pages\/587\/revisions\/1496"}],"wp:attachment":[{"href":"https:\/\/rmradgjof.is\/index.php\/wp-json\/wp\/v2\/media?parent=587"}],"curies":[{"name":"wp","href":"https:\/\/api.w.org\/{rel}","templated":true}]}}

Mannauðsstjórnun

<div data-elementor-type="wp-page" data-elementor-id="587" class="elementor elementor-587">
									<section class="elementor-section elementor-top-section elementor-element elementor-element-6a87690f elementor-section-boxed elementor-section-height-default elementor-section-height-default" data-id="6a87690f" data-element_type="section">
						<div class="elementor-container elementor-column-gap-default">
					<div class="elementor-column elementor-col-50 elementor-top-column elementor-element elementor-element-2ac2bd4d" data-id="2ac2bd4d" data-element_type="column">
			<div class="elementor-widget-wrap elementor-element-populated">
								<div class="elementor-element elementor-element-6cc0220e elementor-widget elementor-widget-text-editor" data-id="6cc0220e" data-element_type="widget" data-widget_type="text-editor.default">
				<div class="elementor-widget-container">
			<style>/*! elementor - v3.17.0 - 08-11-2023 */
.elementor-widget-text-editor.elementor-drop-cap-view-stacked .elementor-drop-cap{background-color:#69727d;color:#fff}.elementor-widget-text-editor.elementor-drop-cap-view-framed .elementor-drop-cap{color:#69727d;border:3px solid;background-color:transparent}.elementor-widget-text-editor:not(.elementor-drop-cap-view-default) .elementor-drop-cap{margin-top:8px}.elementor-widget-text-editor:not(.elementor-drop-cap-view-default) .elementor-drop-cap-letter{width:1em;height:1em}.elementor-widget-text-editor .elementor-drop-cap{float:left;text-align:center;line-height:1;font-size:50px}.elementor-widget-text-editor .elementor-drop-cap-letter{display:inline-block}</style>				<h5>Námsmarkmið</h5><p>Farið í undirstöðuatriði mannauðsstjórnunar og mikilvægi mannauðsstjórnunar sem hluta af rekstri fyrirtækja og stofnana. Markmið námskeiðsins er að  styrkja stjórnendur í því að takast betur á við það hlutverki að vera með mannaforráð.</p><p>Áhersla er lögð á að gera þátttakendum kleift að yfirfæra það sem kennt er á dagleg störf.</p><h5>Kennsluform</h5><p>Fyrirlestur, umræður, verkefni, dæmisögur og myndskeið. Á þessu námskeiði er gert ráð fyrir að þátttakendur vinni verkefni milli skipta.</p><h5>Lengd námskeiðs</h5><p>Námskeiðið er 16 klst. Miðað við er að hver dagur sé fjórar klukkustundir. Möguleiki er á að sníða námskeiðið að þörfum fyrirtækisins hvað efnistök og tímalengd varðar.</p><h5>Námskeiðslýsing</h5><h5>1. dagur &#8211; Stefnur og menning</h5><ul><li>Mannauðsstjórnun, verkefni og þroskastig</li><li>Stefnumótun og mannauðsstefna</li><li>Breytingarstjórnun</li><li>Vinnustaðamenning</li></ul><h5><b>2. dagur &#8211; Stjórnun og</b> mannauður</h5><ul><li>Stjórnandinn og leiðtoginn</li><li>Að stýra fólki, aðferðir og áhrif</li><li>Mannlegi þátturinn, samskipti og erfið starfsmannamál</li><li>Skipulag og árangur í starfi</li></ul><h5>3. dagur &#8211; Starfsþróun og starfsánægja</h5><ul><li>Starfsþróun</li><li>Fræðsla og þjálfun</li><li>Móttaka nýliða</li><li>Starfsánægja og hvatning</li></ul><h5>4. dagur<b> &#8211;</b> Ráðningar og starfsmannavelta</h5><ul><li>Starfsgreiningar og starfslýsingar</li><li>Ráðningar</li><li>Starfsmannavelta</li><li>Starfsmanna-/frammistöðusamtöl</li></ul><h5>Leiðbeinandi</h5><p>Ragnar Matthíasson mannauðsráðgjafi &#8211; MBA og MSc. í mannauðsstjórnun.</p><p>Ragnar hefur víðtæka reynslu af námskeiðahaldi og ráðgjöf. Hann hefur unnið fyrir fjölda fyrirtækja af ýmsum stærðum og gerðum.</p><h3><a href="https://rmradgjof.is/index.php/elementor-712/">Hafðu samband</a> og fáðu nánari upplýsingar um hvað hentar þínum vinnustað</h3>						</div>
				</div>
					</div>
		</div>
				<div class="elementor-column elementor-col-50 elementor-top-column elementor-element elementor-element-1baf43cf" data-id="1baf43cf" data-element_type="column">
			<div class="elementor-widget-wrap elementor-element-populated">
								<div class="elementor-element elementor-element-3118e1ac elementor-widget elementor-widget-image" data-id="3118e1ac" data-element_type="widget" data-widget_type="image.default">
				<div class="elementor-widget-container">
			<style>/*! elementor - v3.17.0 - 08-11-2023 */
.elementor-widget-image{text-align:center}.elementor-widget-image a{display:inline-block}.elementor-widget-image a img[src$=".svg"]{width:48px}.elementor-widget-image img{vertical-align:middle;display:inline-block}</style>									<figure class="wp-caption">
										<img loading="lazy" decoding="async" width="800" height="600" src="https://rmradgjof.is/wp-content/uploads/2022/10/business_office-2-80.jpg" class="attachment-large size-large wp-image-1398" alt="" srcset="https://rmradgjof.is/wp-content/uploads/2022/10/business_office-2-80.jpg 801w, https://rmradgjof.is/wp-content/uploads/2022/10/business_office-2-80-300x225.jpg 300w, https://rmradgjof.is/wp-content/uploads/2022/10/business_office-2-80-768x576.jpg 768w" sizes="auto, (max-width: 800px) 100vw, 800px" />											<figcaption class="widget-image-caption wp-caption-text">Mannauðsstjórnun</figcaption>
										</figure>
									</div>
				</div>
					</div>
		</div>
							</div>
		</section>
							</div>

<p>Námsmarkmið Farið í undirstöðuatriði mannauðsstjórnunar og mikilvægi mannauðsstjórnunar sem hluta af rekstri fyrirtækja og stofnana. Markmið námskeiðsins er að  styrkja stjórnendur í því að takast betur á við það hlutverki að vera með mannaforráð. Áhersla er lögð á að gera þátttakendum kleift að yfirfæra það sem kennt er á dagleg störf. Kennsluform Fyrirlestur, umræður, verkefni, [&hellip;]</p>
